4 composite?
False
Let j(p) = 40*p - 482. Is j(36) prime?
False
Suppose -12*q + 1228 = 2*c - 14*q, -3*q = 3. Is c prime?
True
Suppose -5*t + 27 = x, -2*t - 5*x + 12 + 8 = 0. Suppose -d - 83 = -2*l + l, -t*l - 4*d + 415 = 0. Is l a prime number?
True
Let g(q) = -q**2 - 227. Let w be g(0). Let y = 376 + w. Is y prime?
True
Let p(u) = -22*u**2 + 2*u - 1. Let f = -13 + 6. Let x(a) = -67*a**2 + 5*a - 4. Let l(k) = f*p(k) + 2*x(k). Is l(6) a prime number?
False
Let p(o) = o**3 + 27*o**2 + 15*o + 14. Let i(v) = 9*v**2 + 5*v + 5. Let f(m) = -7*i(m) + 2*p(m). Is f(7) composite?
True
Let s = 644 + -279. Suppose -2*q = -3*u + s, -u + 52 = q - 63. Is u a prime number?
False
Let a = 13 + -19. Let m be 0*3/a*1. Is (852/(-2))/(-2 - m) a composite number?
True
Let y = -10 - -12. Suppose 0 = -3*v + 5*g + 41, -g - 34 = -y*v + 4*g. Is v a composite number?
False
Let q = 32847 + -21289. Is q a prime number?
False
Suppose -2*l - 5*w = -20180, 2020 = -2*l + 3*w + 22184. Is l a prime number?
False
Let d be (485/(-2))/((-4)/(-16)). Let i = 391 - d. Is i prime?
True
Let m = -4716 - -76457. Is m a prime number?
True
Is (2776/14)/(1 + 15/(-21)) composite?
True
Let s = -12 + 22. Is 3442/18 - s/45 prime?
True
Suppose -5*h - 43*f = -46*f - 170822, -2*h + 68335 = 5*f. Is h composite?
True
Let h(v) = -11*v**2 + 3*v + 9. Let b(s) = -10*s**2 + 4*s + 10. Let o(d) = -6*b(d) + 5*h(d). Is o(8) composite?
False
Let a(y) = y**3 - 13*y**2 + 11*y + 13. Let w be a(12). Let f(j) = -2 + 2*j - w - 7*j - j. Is f(-3) a composite number?
True
Let j(f) = 539*f - 13. Is j(6) a composite number?
False
Suppose 3*i + q - 7235 = 0, -4*i + 9906 = -5*q + 272. Is i a composite number?
False
Suppose 0 = 5*i - 188 - 227. Suppose i + 326 = d. Is d prime?
True
Let d = -12 - -14. Suppose -3*z - z - 20 = 0, 0 = d*g - z - 11. Suppose -g*f = -6*f + 102. Is f a prime number?
False
Let v = -210 + 313. Is v prime?
True
Let s(k) = 71*k**2 - 41*k + 3. Is s(-4) a prime number?
True
Let f(g) = 6*g**2 + g**3 + 119 - 32 - 6*g**2 - g. Let v(a) = a**2 - 1. Let d be v(1). Is f(d) a composite number?
True
Let f = -2048 + 3487. Is f composite?
False
Let u(b) = -14*b**2 + 8*b + 2. Let v be u(4). Let w(f) = 21*f**2 + 5*f - 7. Let m be w(-5). Let h = v + m. Is h a prime number?
False
Suppose 20 = 7*v - 2*v. Suppose v*t + 4449 = -3*p + 672, -3780 = 4*t + 4*p. Let u = 1685 + t. Is u a composite number?
False
Suppose g + 44 = 3*z - 3*g, 0 = 3*z + 3*g - 30. Is z/21 - 16470/(-14) prime?
False
Suppose -5*b = -b - 44. Suppose w = k + b, -14 = 3*k + 3*w + 1. Let z(t) = -t**3 - 3*t**2 + 6*t - 15. Is z(k) a composite number?
False
Let y be -3 - (-4)/(16/17316). Let m be y/8 + 18/(-24). Suppose -m = -2*x + 542. Is x prime?
True
Is (-2)/13 + (2 - 49259/(-13)) a composite number?
True
Suppose -2*o + 17734 = 408. Is o prime?
True
Let j = 124 + -113. Suppose j*c = 5798 + 27389. Is c composite?
True
Let r = -1718 + 3921. Is r a composite number?
False
Let k(j) = 1172*j**2 - 7*j - 10. Is k(-3) a composite number?
False
Let a = 8 + 0. Let j = 15 - a. Suppose 5*y + m = 118, 2*m = -1 + j. Is y composite?
False
Suppose -871 = 6*i + 323. Let o = -42 - i. Is o a prime number?
True
Let p = 132 + -37. Suppose -2 = -x + p. Is x a composite number?
False
Suppose -126 = 2*g - 1168. Is g prime?
True
Suppose -6*l - 1133 = -5891. Let b = l - 464. Is b composite?
True
Suppose 4*w - 4*b = 30444, -3*b - 2 = 10. Is w prime?
True
Suppose -4*a + 3*a = -4*y + 2868, 3600 = 5*y - 5*a. Suppose -s = -2*s + 3*o + y, 0 = -s + 2*o + 717. Is s a composite number?
False
Suppose 0 = -5*i - 0*z + 2*z - 24, -5*i - 18 = z. Suppose -o + q - 88 = -0*o, -o + 2*q - 86 = 0. Is o/i - (-2)/(-4) a prime number?
False
Let l = 9013 - 5222. Is l composite?
True
Suppose -2*t + 4*p + 7542 = 0, -5*t - 2*p - 7550 = -7*t. Is t a composite number?
False
Let v(b) = -3*b**2 + 8*b + 14. Let y be v(-6). Let u = 255 + y. Is u a composite number?
False
Suppose -30*u = -33*u + 5943. Let s = 4742 - u. Is s a composite number?
True
Let u = 113 + -24. Is u a composite number?
False
Let n be 42/4*2/3. Let i(o) be the second derivative of -o**5/20 + 7*o**4/12 + o**3 - 5*o**2/2 + 3*o - 2. Is i(n) a prime number?
True
Let z be 2/(-8) - 2730/(-40). Let u be -1*(-1 + 2) + 1. Suppose u = 3*t - 5*t + z. Is t prime?
False
Suppose -y + 3*y = 4*v - 1456, -3*y = 5*v - 1820. Let w be ((-37)/2)/((-2)/20). Let d = v - w. Is d a prime number?
True
Suppose 3*j = 4*g - 180, 4*j = -0*g - 2*g + 90. Let x = 74 + g. Is x a prime number?
False
Let b = -83 - -1612. Is b composite?
True
Suppose 46*l - 126 = 4*l. Let m(j) = 4 - j - 17*j + 105*j. Is m(l) a composite number?
True
Let t(a) = -46*a + 15. Let m(n) be the first derivative of 275*n**2/2 - 90*n - 1. Let p(g) = -4*m(g) - 25*t(g). Is p(5) composite?
True
Let k(a) = -170*a**3 - 9*a - 3. Let j be k(-3). Is (1 - 0)*14*j/12 composite?
True
Let l(o) = o**2 + 5*o + 4. Let f be l(-4). Let i be (-1)/2*(2 + f). Is (-12 + i)*(-7)/1 prime?
False
Let h(c) = 3*c**2 + 1. Let o be h(-1). Suppose 3*j + 0 + 3 = -o*b, j - b = 6. Suppose j*s - 13 - 20 = 0. Is s a composite number?
False
Let g(w) = w + 11. Let q be g(-7). Suppose 579 = -4*l + q*x + 3179, l - 653 = 4*x. Is l composite?
True
Suppose 0 = 3*v + 6, v + 44533 = 5*p + 2*v. Is p a prime number?
False
Let o be 5 + (4/(-1) - -6). Suppose -3*u = -3*n - 1215, 4*n - 1 - o = 0. Is u composite?
True
Let j = -279 - -78. Let b = j - -344. Is b prime?
False
Is -23396*(-8)/40 + 1/(-5) a prime number?
True
Suppose 0 + 12 = 4*x. Suppose x*y = 6, -c - 4*y + 823 = 4*c. Is c prime?
True
Let i(k) = k**3 - 30*k**2 - 81*k - 7. Is i(33) a composite number?
False
Let i(d) = 5*d**3 - 16*d**2 - 20*d - 28. Is i(13) a composite number?
False
Let w = 16124 + -9577. Is w composite?
False
Suppose -2*u + 4*r = -2446, 5*r = u + 2*u - 3671. Suppose -2*d - d = -u. Is d a prime number?
True
Let r = -103 - -195. Suppose r + 24 = 2*z. Is z composite?
True
Let d be ((-20)/1)/(-1) + (1 - -1). Suppose -3*o = 2*l - 46, o = -4*l - 0 + d. Is o prime?
False
Let f = -299 - -625. Is f prime?
False
Let y(t) = -59*t**3 - 2*t**2 + 3*t - 3. Is y(-5) composite?
False
Let a(r) = 6598*r**2 - 2*r + 3. Is a(1) a prime number?
True
Let r be (-1)/(-4) - 1798/(-8). Let a be (-4 - -2)/(0 + -2) + -341. Let d = r - a. Is d prime?
False
Suppose 4*f = -3*m + 1464, -4*m - m = 0. Let l be f/(-12) - (-2)/(-4). Is 1*l/1*-7 a prime number?
False
Suppose -2*t - 1 = 1. Let l(z) = -116*z + 2. Is l(t) a composite number?
True
Let h = 3004 + -753. Is h a prime number?
True
Let o(t) be the second derivative of -63*t**3/2 + 17*t**2/2 - 19*t. Is o(-6) prime?
True
Let h = -49 + 54. Suppose 4*a + w - 1307 = 6905, h*w - 2053 = -a. Is a prime?
True
Suppose 3*q - 36828 = -3*n, q - n + 6*n - 12272 = 0. Is q a prime number?
True
Let y = -2 + 5. Suppose 2*s - f - 1 = 0, s + y*f - 4*f = -2. Suppose 2*i = -3*i - s*q + 1249, 2*q = -2*i + 498. Is i prime?
True
Let h(z) = -204*z - 36. Let w be h(-13). Suppose -3*b + 501 = -w. Is b a composite number?
False
Suppose 0*x = 4*x. Let c be (x + (-111)/(-9))*-12. Is ((-9)/18)/(2/c) a prime number?
True
Suppose 17*s = 315617 - 62844. Is s a composite number?
False
Is (2520/7 + (-2)/4)*26 composite?
True
Let s(y) = -7*y + 35157. Is s(0) composite?
True
Let y be ((-1)/((-2)/16))/2. Suppose -3*v + 3 = -y*v, v - 225 = -3*j. Suppose -a - c = -j + 25, -208 = -4*a - 2*c. Is a composite?
False
Suppose -3*p = 2*p + 5. Let o(a) = 52*a**2 - 4*a - 3. Is o(p) prime?
True
Let q(j) = -j**2 - 12*j - 17. Let c be q(-8). Is c/(-20) + (-2541)/(-12) prime?
True
Let q be (-10)/(-55) + 42/11. Suppose 0 = -4*v + q*y + 13488, 4*v + 5*y - 10156 = v. Is v composite?
True
Suppose 0 = -4*v - 3*s - 1333, v + s = -2*v - 996. Let t = v - -816. Is t composite?
True
Let s = -10 + 2. Is ((-2)/6)/(s/7608) composite?
False
Suppose -5530 = 8*j - 18*j. Is j prime?
False
Suppose 5 - 20 = -3*x. Suppose 0*i = 4*i + k + 801, 4*i - x*k + 771 = 0. Let v = i - -390. Is v a composite number?
False
Suppose -q + n = 6*n - 3, 12 = 4*q - 4*n. Let i = 3 + q. Is 2*(777/i - -3) prime?
False
Suppose -5*m - 1 = -6. Let v(q) = 310*q - 3. Is v(m) a composite number?
False
Let q = -434 - -662. Suppose -m = -9*i + 4*i - 75, 2*i = 4*m - q. Is m a composite number?
True
Let c = 65223 - 37862. Is c a composite number?
False
Let j